NOAA-Style Climate Reports

Select a Year or Month report
2018: Gen Feb Mar Apr Mag Giu Lug Ago Set Ott Nov Dic
2017: Gen Feb Mar Apr Mag Giu Lug Ago Set Ott Nov Dic
2016: Gen Feb Mar Apr Mag Giu Lug Ago Set Ott Nov Dic
2015: Gen Feb Mar Apr Mag Giu Lug Ago Set Ott Nov Dic
2014: Gen Feb Mar Apr Mag Giu Lug Ago Set Ott Nov Dic
2013: Gen Feb Mar Apr Mag Giu Lug Ago Set Ott Nov Dic
2012: Gen Feb Mar Apr Mag Giu Lug Ago Set Ott Nov Dic
2011: Gen Feb Mar Apr Mag Giu Lug Ago Set Ott Nov Dic
2010: Gen Feb Mar Apr Mag Giu Lug Ago Set Ott Nov Dic
2009: Gen Feb Mar Apr Mag Giu Lug Ago Set Ott Nov Dic
2008: Gen Feb Mar Apr Mag Giu Lug Ago Set Ott Nov Dic
2007: Gen Feb Mar Apr Mag Giu Lug Ago Set Ott Nov Dic
2006: Gen Feb Mar Apr Mag Giu Lug Ago Set Ott Nov Dic
2005: Gen Feb Mar Apr Mag Giu Lug Ago Set Ott Nov Dic
2004: Gen Feb Mar Apr Mag Giu Lug Ago Set Ott Nov Dic
2003: Gen Feb Mar Apr Mag Giu Lug Ago Set Ott Nov Dic
2002: Gen Feb Mar Apr Mag Giu Lug Ago Set Ott Nov Dic
2001: Gen Feb Mar Apr Mag Giu Lug Ago Set Ott Nov Dic

Report for 2018 Luglio
                   Monthly Climatological Summary for lug 2018

Name: San Rocco a Pilli - Sovicille   City: Siena   State: Italia
Elevation: 250 m  Lat: N 43° 15' 28"   Lon: E 011° 17' 14"

                  Temperature (°C), Rain (mm), Wind Speed (km/h)

                                      Heat  Cool        Avg
    Mean                              Deg   Deg         Wind                 Dom
Day Temp  High   Time   Low    Time   Days  Days  Rain  Speed High   Time    Dir
----------------------------------------------------------------------------------
 1  24,4  32,8   15:23  15,1   06:22   0,4   6,5   0,0   1,4  19,3   19:28   SSW
 2  24,1  32,4   15:56  14,9   05:45   0,5   6,3   0,0   1,0  12,9   18:27   SSW
 3  25,3  32,1   16:00  19,4   05:55   0,0   7,0   0,0   0,5   9,7   15:00    SE
 4  25,0  31,9   17:00  18,3   06:15   0,0   6,7   0,0   0,5  14,5   13:00    SE
 6  24,3  27,4   23:04  22,2   23:57   0,0   1,0   0,0   0,8  17,7   16:51   ENE
 7  23,7  32,4   15:22  17,6   06:39   0,0  10,7  10,6   0,5  17,7   16:13     E
 8  23,6  31,5   15:36  15,6   06:20   0,5   5,8   0,2   0,7  11,3   17:38    SE
 9  24,9  32,9   15:50  16,8   06:33   0,1   6,7   0,0   0,6  11,3   10:49    SE
10  24,4  32,6   15:20  15,9   06:23   0,3   6,4   0,0   0,9  16,1   18:09     S
11  24,9  31,7   16:15  17,9   06:26   0,0   6,6   0,0   1,2  17,7   16:39   SSW
12  24,5  31,9   16:10  17,3   06:24   0,1   6,3   0,0   0,6  11,3   16:11    SE
13  25,2  33,7   16:12  16,1   05:36   0,2   7,1   0,0   0,7  11,3   15:20     S
14  26,0  34,7   16:19  16,4   06:25   0,2   7,9   0,0   0,8  12,9   16:11     S
15  26,1  34,1   16:19  17,6   06:20   0,1   7,8   0,0   0,8  14,5   16:45     S
16  23,6  31,2   17:09  16,7   06:10   0,1   5,4  15,0   1,2  35,4   23:17   SSW
17  23,1  31,4   16:51  15,7   06:21   0,5   5,3   3,8   0,7  11,3   13:32   ENE
18  25,1  33,8   15:53  16,2   05:51   0,3   7,1   0,0   0,6  11,3   18:05     E
19  24,7  33,1   14:10  15,6   05:47   0,4   6,8   0,0   0,6  11,3   14:08   SSE
20  25,2  33,2   15:00  15,9   06:26   0,3   7,2   0,0   0,7  12,9   15:27   SSE
21  23,8  30,5   16:37  17,2   05:36   0,1   5,6   0,0   1,1  16,1   15:21   SSW
22  24,5  30,5   16:33  18,3   06:11   0,0   6,2   0,8   1,0  16,1   15:12    SE
----------------------------------------------------------------------------------
    24,6  34,7    14    14,9     2     4,1 136,4  30,4   0,8  35,4    16     SSE

Max >=  34,0:  2
Max <=   0,0:  0
Min <=   0,0:  0
Min <= -10,0:  0
Max Rain: 15,0 on day 16
Days of Rain: 5 (>= 0,2 mm)  3 (>= 1,0 mm)  0 (>= 20,0 mm)
Heat Base: 18,3  Cool Base: 18,3  Method: Integration