NOAA-Style Climate Reports

Select a Year or Month report
2018: Gen Feb Mar Apr Mag Giu Lug Ago Set Ott Nov Dic
2017: Gen Feb Mar Apr Mag Giu Lug Ago Set Ott Nov Dic
2016: Gen Feb Mar Apr Mag Giu Lug Ago Set Ott Nov Dic
2015: Gen Feb Mar Apr Mag Giu Lug Ago Set Ott Nov Dic
2014: Gen Feb Mar Apr Mag Giu Lug Ago Set Ott Nov Dic
2013: Gen Feb Mar Apr Mag Giu Lug Ago Set Ott Nov Dic
2012: Gen Feb Mar Apr Mag Giu Lug Ago Set Ott Nov Dic
2011: Gen Feb Mar Apr Mag Giu Lug Ago Set Ott Nov Dic
2010: Gen Feb Mar Apr Mag Giu Lug Ago Set Ott Nov Dic
2009: Gen Feb Mar Apr Mag Giu Lug Ago Set Ott Nov Dic
2008: Gen Feb Mar Apr Mag Giu Lug Ago Set Ott Nov Dic
2007: Gen Feb Mar Apr Mag Giu Lug Ago Set Ott Nov Dic
2006: Gen Feb Mar Apr Mag Giu Lug Ago Set Ott Nov Dic
2005: Gen Feb Mar Apr Mag Giu Lug Ago Set Ott Nov Dic
2004: Gen Feb Mar Apr Mag Giu Lug Ago Set Ott Nov Dic
2003: Gen Feb Mar Apr Mag Giu Lug Ago Set Ott Nov Dic
2002: Gen Feb Mar Apr Mag Giu Lug Ago Set Ott Nov Dic
2001: Gen Feb Mar Apr Mag Giu Lug Ago Set Ott Nov Dic

Report for 2018 Maggio
                   Monthly Climatological Summary for mag 2018

Name: San Rocco a Pilli - Sovicille   City: Siena   State: Italia
Elevation: 250 m  Lat: N 43° 15' 28"   Lon: E 011° 17' 14"

                  Temperature (°C), Rain (mm), Wind Speed (km/h)

                                      Heat  Cool        Avg
    Mean                              Deg   Deg         Wind                 Dom
Day Temp  High   Time   Low    Time   Days  Days  Rain  Speed High   Time    Dir
----------------------------------------------------------------------------------
 1  12,0  14,8   14:45   8,9   04:35   6,3   0,0   7,4   0,1   8,0   15:57   SSE
 2  14,3  19,6   14:56  10,8   04:39   4,1   0,1  19,2   0,0   8,0   08:43     N
 3  16,0  18,8   14:32  12,8   02:44   2,3   0,0   1,4   2,0  19,3   18:02    NE
 4  16,1  20,2   18:03  14,2   23:13   2,4   0,2  22,0   1,1  22,5   06:05    NE
 5  17,0  24,7   16:29  12,8   05:59   2,5   1,2   9,6   0,9  19,3   17:42    SE
 6  16,8  22,4   14:18  13,2   02:06   2,2   0,6   4,2   0,4  11,3   19:12     S
 7  17,2  26,2   14:52  13,1   05:11   2,3   1,1   4,2   0,6  14,5   15:27   SSW
 8  16,6  25,5   14:02  12,7   05:23   2,7   1,0   2,0   0,3  11,3   17:13   SSE
 9  16,4  23,8   16:37  13,1   23:55   2,9   1,0  30,0   0,6  16,1   17:57   ESE
10  16,0  22,7   16:52  10,3   05:11   3,1   0,8   1,2   0,5  24,1   16:10    SE
11  16,9  24,7   14:22  11,2   05:28   2,6   1,2   0,0   0,5   9,7   12:19   SSE
12  17,7  24,4   15:24  12,0   05:58   2,2   1,5   0,2   0,7  12,9   19:44    NE
13  16,9  23,9   14:37  11,4   05:59   2,6   1,3  21,0   1,6  17,7   17:07     S
14  12,2  16,7   12:53   9,2   23:52   6,1   0,0   5,4   0,7  12,9   16:07   ENE
15  10,9  15,2   11:21   8,4   00:55   7,4   0,0   9,8   0,3  11,3   11:33     S
16  12,9  18,2   13:37   9,7   00:00   5,3   0,0   4,2   0,3   9,7   14:24   ESE
17  14,0  19,6   11:47  11,1   04:58   4,4   0,0   2,0   0,3  14,5   14:04   SSE
18  16,2  24,4   15:12   7,9   05:41   3,8   1,6   0,2   0,6  11,3   13:44   ESE
19  19,0  26,5   16:19   9,8   05:51   2,1   2,9   0,0   0,7  12,9   13:27    SE
20  18,9  26,4   14:29  11,5   06:19   1,9   2,5   0,6   1,0  12,9   12:57   ESE
21  17,9  25,6   12:41  12,4   06:18   2,0   1,6   5,4   0,6  16,1   13:46   SSE
22  16,9  20,7   17:39  14,4   23:44   1,7   0,3  11,6   0,7  14,5   12:49   SSW
----------------------------------------------------------------------------------
    15,9  26,5    19     7,9    18    72,9  18,9 161,6   0,7  24,1    10      SE

Max >=  34,0:  0
Max <=   0,0:  0
Min <=   0,0:  0
Min <= -10,0:  0
Max Rain: 30,0 on day 9
Days of Rain: 20 (>= 0,2 mm)  17 (>= 1,0 mm)  3 (>= 20,0 mm)
Heat Base: 18,3  Cool Base: 18,3  Method: Integration