NOAA-Style Climate Reports

Select a Year or Month report
2018: Gen Feb Mar Apr Mag Giu Lug Ago Set Ott Nov Dic
2017: Gen Feb Mar Apr Mag Giu Lug Ago Set Ott Nov Dic
2016: Gen Feb Mar Apr Mag Giu Lug Ago Set Ott Nov Dic
2015: Gen Feb Mar Apr Mag Giu Lug Ago Set Ott Nov Dic
2014: Gen Feb Mar Apr Mag Giu Lug Ago Set Ott Nov Dic
2013: Gen Feb Mar Apr Mag Giu Lug Ago Set Ott Nov Dic
2012: Gen Feb Mar Apr Mag Giu Lug Ago Set Ott Nov Dic
2011: Gen Feb Mar Apr Mag Giu Lug Ago Set Ott Nov Dic
2010: Gen Feb Mar Apr Mag Giu Lug Ago Set Ott Nov Dic
2009: Gen Feb Mar Apr Mag Giu Lug Ago Set Ott Nov Dic
2008: Gen Feb Mar Apr Mag Giu Lug Ago Set Ott Nov Dic
2007: Gen Feb Mar Apr Mag Giu Lug Ago Set Ott Nov Dic
2006: Gen Feb Mar Apr Mag Giu Lug Ago Set Ott Nov Dic
2005: Gen Feb Mar Apr Mag Giu Lug Ago Set Ott Nov Dic
2004: Gen Feb Mar Apr Mag Giu Lug Ago Set Ott Nov Dic
2003: Gen Feb Mar Apr Mag Giu Lug Ago Set Ott Nov Dic
2002: Gen Feb Mar Apr Mag Giu Lug Ago Set Ott Nov Dic
2001: Gen Feb Mar Apr Mag Giu Lug Ago Set Ott Nov Dic

Report for 2018 Settembre
                   Monthly Climatological Summary for set 2018

Name: San Rocco a Pilli - Sovicille   City: Siena   State: Italia
Elevation: 250 m  Lat: N 43° 15' 28"   Lon: E 011° 17' 14"

                  Temperature (°C), Rain (mm), Wind Speed (km/h)

                                      Heat  Cool        Avg
    Mean                              Deg   Deg         Wind                 Dom
Day Temp  High   Time   Low    Time   Days  Days  Rain  Speed High   Time    Dir
----------------------------------------------------------------------------------
 1  19,3  25,8   12:16  15,7   07:16   0,7   1,7  19,4   0,6  17,7   15:12     E
 2  18,5  24,6   16:27  14,3   07:12   1,4   1,6   0,2   0,3   9,7   13:57     S
 3  18,8  26,1   16:20  12,3   07:11   1,8   2,2   0,0   0,5  11,3   15:37     E
 4  18,1  24,7   12:12  14,4   05:59   1,3   1,1  26,8   0,2   9,7   13:20     E
 5  19,9  28,7   15:55  14,2   06:40   1,4   3,0   0,2   0,2   8,0   16:09    NE
 6  21,2  29,6   15:10  14,8   06:57   0,7   3,7   0,2   0,5  11,3   17:03     S
 7  21,9  28,1   13:11  17,4   02:29   0,2   3,8   0,0   0,6  11,3   12:14   ENE
 8  21,8  29,6   16:01  16,0   07:01   0,4   3,9   0,0   0,4   9,7   12:02   ENE
 9  22,4  30,2   15:07  15,4   07:01   0,5   4,6   0,0   0,3  11,3   15:18    NE
10  22,5  31,2   15:22  15,2   06:47   0,6   4,8   0,0   0,2  11,3   15:46   ENE
11  22,9  32,4   16:09  14,3   07:27   0,7   5,3   0,0   0,2  11,3   13:23    NE
12  22,9  32,8   16:20  14,6   06:22   0,7   5,4   0,0   0,4  16,1   17:40    NE
13  20,4  23,9   17:13  17,1   06:18   0,2   2,3   0,0   0,0   8,0   08:48     E
14  21,8  30,1   14:24  17,8   07:24   0,0   3,5   3,0   0,3  14,5   16:33     E
15  21,6  30,1   15:39  14,8   06:51   0,8   4,1   0,2   0,2   8,0   11:32    NE
16  22,2  30,1   14:17  15,9   06:56   0,3   4,2   0,0   0,2  12,9   14:45   ESE
17  20,4  29,6   15:12  16,1   07:12   0,4   2,5   1,0   0,2  11,3   17:02     E
18  20,7  29,6   14:50  16,8   02:49   0,4   2,8   2,2   0,4  11,3   15:26     S
----------------------------------------------------------------------------------
    21,0  32,8    12    12,3     3    12,5  60,5  53,2   0,3  17,7     1       E

Max >=  34,0:  0
Max <=   0,0:  0
Min <=   0,0:  0
Min <= -10,0:  0
Max Rain: 26,8 on day 4
Days of Rain: 9 (>= 0,2 mm)  5 (>= 1,0 mm)  1 (>= 20,0 mm)
Heat Base: 18,3  Cool Base: 18,3  Method: Integration